 3. Let h be (-2)/(6/15)*-1. Determine k(h).
-17
Let s(n) = -2*n**2 - 3*n - 2. Let u(t) = -t**3 + 11*t**2 + 13*t - 15. Let a be u(12). Determine s(a).
-11
Let h(s) = -s**3 - 3*s**2 + 3*s. Let f be h(-4). Suppose 0 = -c - 5, 3*v - 7 = f*c + 19. Let j(x) = -x**2 - x - 1. What is j(v)?
-7
Let y(q) = q - 2. Suppose -2*o + 0 = -10. Determine y(o).
3
Let k(x) = 4*x - 6. Let l(h) = -h**3 + 6*h**2 - 7*h + 5. Let j be l(5). Let n(a) = -a. Let m(v) = j*n(v) - k(v). What is m(-6)?
0
Let h(v) = -15*v + 10. Let o(x) = -8 + 7*x + 0 + 3. Let k(u) = -6*h(u) - 13*o(u). Suppose -3 = -3*q + 9. What is k(q)?
1
Let k(l) = l**2 - l + 1. Suppose 0 = p + 11 - 22. Suppose 5*a = a + 4. Suppose -a = 5*i - p. Calculate k(i).
3
Let h(a) = 6*a**2 - 3*a**3 - a - 4*a + 2*a**3. Let p be h(5). Let z(y) = -2 + 4 - y - 3*y**2 + 0*y + 2*y**2. Calculate z(p).
2
Suppose -5*o = 5*a + 5 - 0, -11 = o + 3*a. Let t(g) be the third derivative of -1/120*g**6 + 0 - 1/24*g**o + 7/6*g**3 + 0*g**5 + 0*g + 4*g**2. What is t(0)?
7
Let p(v) = 12*v - 1. Let b be (-46)/(-8) - (-1)/4. Let o = -7 + b. Determine p(o).
-13
Let h(p) = -p**3 - 3*p**2 + 3*p + 3. Let c be h(-3). Let b(j) = -j**3 - 5*j**2 + 8*j + 9. Calculate b(c).
-3
Let h(n) be the third derivative of n**7/5040 + n**6/180 + n**5/60 + 2*n**2. Let o(c) be the third derivative of h(c). Determine o(0).
4
Let q(i) = -4*i - 7. Let s(x) = 6*x + 10. Let n(w) = -7*q(w) - 5*s(w). Let r(c) = c**2 - 2*c - 5. Let k be r(4). What is n(k)?
-7
Let z(y) = -y**3 + 4*y**2 - y - 3. Let h(r) be the first derivative of -r**2 - 9*r + 4. Let x be h(-6). Determine z(x).
3
Let o(a) = -2*a**2 + 6*a. Suppose -2*w + 11 = -3*p, w - 4*p - 20 = -3*w. Determine o(w).
-8
Let r = 5 - 4. Let c(s) = -2*s**3 + 1. Let f be c(r). Let t(w) = -3*w**3 + 7*w. Let d(b) = -3*b**3 + 8*b. Let l(h) = -6*d(h) + 7*t(h). Give l(f).
2
Suppose -3*h = -3*w, -2 = -2*h - 0*h + w. Let v(l) = l + 4*l**h - 5*l**2 + 0*l**2 - l**3 + 2*l**2 + 5. Let y be 2 - 3/((-6)/(-4)). Determine v(y).
5
Let f(h) = h**2. Let d = 17 - 7. Suppose 6*n = n + d. Suppose -x + n*x + 2 = 0. What is f(x)?
4
Let d(p) = p**2 + 2*p. Suppose 14 - 4 = -4*f + 2*j, 5*j + 23 = -2*f. Let q be 20/(-8) + 2/f. What is d(q)?
3
Let d = 6 - 6. Let o(s) = -6 + 3*s - s + d*s - 4*s. Let p(x) = -x - 11. Let b be p(-6). Calculate o(b).
4
Let c(h) = -h**2 - 3*h + 5. Let s be c(-5). Let a(n) = -n. Let t(r) = r + 1. Let d(g) = -g - 1. Let j(q) = 3*d(q) + t(q). Let x(m) = -a(m) + j(m). What is x(s)?
3
Let x(k) = k**3 + k**2 - 1. Let l be (2/3 - 1)*-9. Let q be -4 - -3*2/l. Determine x(q).
-5
Let t(z) = -z**3 - 3*z**2 - z + 4. Let n be ((-12)/(-18))/((-4)/(-30)). Suppose 0 = -2*b + n*b - 9. Suppose 3*f = -4*m - 25, -8 = -m + b*m. Give t(f).
7
Suppose 0 = -9*b + 8*b + 1. Suppose 15 = 5*j - 10*j. Let l = j + b. Let c(d) = d**2 + 2*d - 1. What is c(l)?
-1
Let d(f) = -2*f**2 - 2*f - 1. Let n(b) = -b - 1. Let q be n(-8). Let p = q + -9. Calculate d(p).
-5
Let q(w) = 7*w + 17. Let g be q(-3). Let c(u) = u + 4. Calculate c(g).
0
Let n(d) = -3*d + 7. Let h be (20/8)/(1/2). Determine n(h).
-8
Let w = -34 + 49. Let m(o) = 12 - 12 + w*o. What is m(1)?
15
Let q(n) = -n - 2. Let k(r) = -r**3 - 4*r**2 + r - 1. Let h be k(-4). Give q(h).
3
Let b(j) be the first derivative of -j**3/3 - j**2/2 + 2*j - 3. Let h be (-4)/(-22) - (-20)/11. Suppose 0 = h*x + x. What is b(x)?
2
Let l(t) = t + 5. Let o be l(-3). Let z(h) = -h**o + 6 + h - 4*h + 7*h. Let m be z(5). Let k(u) = -6*u. Determine k(m).
-6
Let b(k) = -3*k**3 - 2*k**2 + k. Let s be (18/(-3))/((-9)/(-12)). Let g be (s/3)/(8/(-12)). Suppose 3*w + g = -w, 0 = -3*h + w + 4. Give b(h).
-4
Suppose -r + 6 = 2*r. Let y(o) = o**2 - 2*o + 3*o - r + o**3 - 3*o. Determine y(-3).
-14
Suppose -2*m = 4*p - 22, 0*m + 25 = 5*p + 2*m. Let k be (0 - p) + 28/7. Let x(i) = 4*i**3 + i**2 - i + 1. Calculate x(k).
5
Let i(j) = -j**2 - 8*j - 9. Let f be i(-4). Let g(t) = -t**2 + 9*t - 8. Give g(f).
6
Let d(q) = -q + 17. Let f be 20/(-110) - (-79)/11. Determine d(f).
10
Let d(y) = -5 + 2 - 5*y + 4*y**2 - 10*y**2 - y**3 + 1. Determine d(-5).
-2
Let i(o) = 2*o**3 + o**2 - 3*o + 2. Let m(u) = 5*u**3 + 3*u**2 - 7*u + 4. Let h(k) = 9*i(k) - 4*m(k). What is h(-2)?
4
Let t = 21 + -27. Let n(o) = -o - 14. Determine n(t).
-8
Let k be (-12)/(-10)*(0 - -15). Let g(j) = -j + 1. Let m(i) = 8*i - 6. Suppose 4*o - 3*q = -4, 4*o + 16 = 5*q + 4. Let l(b) = k*g(b) + o*m(b). Give l(5).
-4
Let f(d) = d**2 - d - 4. Let i be f(3). Let a = i + -1. Let z(b) be the first derivative of -4*b**2 + b - 1. Determine z(a).
-7
Let i(r) = 2*r**2 - 6*r + 3. Let t(d) = d**3 - 5*d**2 - 5*d - 2. Let g be t(6). Give i(g).
11
Let z(j) = j**2 - 7*j - 7. Suppose 0 = 3*a - 9, 2*u - 5*a - 25 = -0*a. Suppose 0 = 4*f - u, 2*s - 4*s + 37 = 5*f. Determine z(s).
-13
Let p(f) = f - 1. Let k(d) = 2*d - 1. Let x(q) = -2*k(q) + 3*p(q). Suppose -2*h - 49 = -47. Give x(h).
0
Let i = 1 - 1. Let a(v) = 11*v**3 + 6*v**2 - 5*v + 9. Let c(s) = 13*s**3 + 7*s**2 - 6*s + 9. Let n(l) = 6*a(l) - 5*c(l). Determine n(i).
9
Suppose 18 = 4*d + 6. Let i(b) = 2*b - b**3 + 2*b**d - 3 + 4*b - 4*b + 5*b**2. Determine i(-3).
9
Let q(b) = b**2 + 2*b + 3. Let r be 2*-2*15/30. What is q(r)?
3
Let x(b) be the first derivative of -5*b**2/2 + 29. What is x(-2)?
10
Let w(q) = 3*q + 6. Let l be w(5). Let y(a) = 8*a - l*a + 11*a - 4. Suppose 7 = -5*i - 13. Determine y(i).
4
Let b = 132 + -78. Let r be 225/b - (-1)/(-6). Let n(j) be the first derivative of j**2/2 - 4*j - 1. What is n(r)?
0
Suppose 1 + 1 = 2*y. Let u(m) = m**3 - m. Let v(k) = 2*k**3 + k**2 + k + 1. Let a(o) = -2*u(o) - v(o). Give a(y).
-5
Let j(h) be the third derivative of -1/4*h**4 - 1/60*h**5 + 0*h + 0 - h**2 - 5/6*h**3. Let x(l) = l - 12. Let r be x(6). Give j(r).
-5
Let r(s) = s**3 + 4*s**2 - 5*s + 2. Let l be 0 + 1 - (-36)/(-6). Give r(l).
2
Let n be 12/5 + 4/(-10). Suppose k + n = 2*k. Let m(u) = -u**2. Determine m(k).
-4
Suppose -10 = -4*z - 2*c, -5*z + 5*c + 8 - 3 = 0. Suppose 4*y - 5*y = -z. Let a(x) = -x - 1. Determine a(y).
-3
Let u(o) = 3*o**2 - 10*o - 4. Let w(p) = -2*p**2 + 9*p + 4. Let g(r) = -4*u(r) - 5*w(r). Let a be (-1)/(((-5)/3)/(-5)). Give g(a).
-7
Let d(y) = y**3 - 2*y**2 - 3*y + 2. Let t be d(3). Let a be (3 - 0)*(1 - t). Let v(k) = k**3 + 2*k**2 - 3*k - 2. Calculate v(a).
-2
Suppose -2*f - 3*s - 35 = 0, -2*f - 21 = -s + 10. Let n = f + 11. Let q(o) = -1 + o**3 + o**2 - 5*o + 3*o**2 + 6. Give q(n).
5
Let o(f) = -f**3 - 1 - f + 4*f**2 - 6*f**2 - 3*f**2 + f**2. What is o(-3)?
-7
Let b(w) be the third derivative of 5*w**4/24 + w**3/2 + 3*w**2. Determine b(-2).
-7
Let c = 75 + -69. Let z(f) = f**3 - 7*f**2 + 6*f. Determine z(c).
0
Let y be (6/18)/(1/6). Let i(d) = -d**2 + 6. Let j(g) = -2*g**2 + 11. Let l(v) = 11*i(v) - 6*j(v). Calculate l(y).
4
Suppose -6 = 5*w - 4*w. Let h(z) = 8 - z + z**2 - 8. Let k(s) = -7*s**2 + 8*s + 2. Let v(p) = w*h(p) - k(p). Determine v(4).
6
Let v(w) = w - 1. Let m(t) = -5*t**2 - t + 2. Let f(s) = -m(s) - 2*v(s). Determine f(1).
4
Let x(g) be the third derivative of g**6/60 + g**5/20 + g**4/12 + 6*g**2. What is x(-2)?
-8
Let t(w) = -2*w**2 - 5*w + 4. Let z = -18 + 14. What is t(z)?
-8
Let r(b) = b**3 + 3*b**2 + 3*b + 1. Let k(q) = 3*q**3 + 6*q**2 + 6*q + 2. Let w(a) = 2*k(a) - 5*r(a). Give w(-2).
-15
Let x = -4 - -4. Let o(l) = -3*l**2 - 6. Let q(g) = -4*g**2 - 7. Let y(h) = 3*o(h) - 2*q(h). Calculate y(x).
-4
Let d(b) = -b - 4. Let j = -72 + 72. What is d(j)?
-4
Let w(c) = -c**3 + 8*c**2 - 7*c + 1. Let j be w(7). Let f be (1 - -2)*-1*1. Let d = j + f. Let y(o) = -o - 2. Calculate y(d).
0
Let o be -15*(39/15 + -3). Let g be (o/(-4))/((-12)/(-16)). Let u(s) = -s**2 + 1. What is u(g)?
-3
Suppose 12 - 4 = 4*d. Let c(w) = w**3 - 3*w**2 + 2*w - 1. Give c(d).
-1
Let h = 2 + -7. Let v(z) = z**2 + 4*z - 4. What is v(h)?
1
Let q(l) be the second derivative of -l**4 + l**3/6 - 2*l. Let m(c) = 5*c. Let d be m(1). Suppose -z = o + 2*o - 1, -o - d*z = 9. Give q(o).
-11
Let w = 17 - 17. Let s(y) = y**2 + y - 12. Determine s(w).
-12
Let m(o) = -5*o**3 + 5*o**2 + o - 6. Let r(z) = z**3 - z + 1. Let b(s) = m(s) + 6*r(s). Calculate b(-6).
-6
Let j be (8/3 + -2)*-24. Let v = j - -33. Suppose 5*z = -8 - v. Let w(d) = d**2 + 3*d - 7. What is w(z)?
3
Let x(w) = w + 2. Let l = -4 - 0. Suppose 0 = 3*r - 5*s, -4*r + 8*s - 4*